{"id":379,"date":"2022-02-17T11:30:14","date_gmt":"2022-02-17T11:30:14","guid":{"rendered":"https:\/\/www.khjoe.at\/khjoe\/?post_type=tribe_events&#038;p=379"},"modified":"2022-03-25T08:58:44","modified_gmt":"2022-03-25T08:58:44","slug":"septex-nach-rom","status":"publish","type":"tribe_events","link":"https:\/\/www.khjoe.at\/khjoe\/index.php\/event\/septex-nach-rom\/","title":{"rendered":"SeptEx nach Rom"},"content":{"rendered":"<p><strong>SeptEx &#8211; Die SiebenTage Exkursion im September<\/strong><\/p>\n<p>Die Exkursion soll auf einer Dreifaltigkeit von Reisegemeinschaft, kulturellen Besichtigungen und Austausch mit regionalen, religi\u00f6sen Organisationen aufbauen.<\/p>\n<p><strong>Gemeinschaft<\/strong><\/p>\n<p>Wer mitfahren m\u00f6chte, kann sich darauf einstellen, dass viel gemeinsam gegessen, getratscht, gemeinsam erkundet, gebetet und vielleicht auch gesungen wird. Dar\u00fcber hinaus f\u00e4nden wir es prima, wenn Mitreisende selbst einen spirituellen Impuls oder \u00c4hnliches vorbereiten. Das soll aber kein Zwang sein, nur allen die M\u00f6glichkeit geben einen Teil zur Gemeinschaft beizutragen.<\/p>\n<p><strong>Besichtigung<\/strong><\/p>\n<p>In Rom gibt es viel zu sehen. F\u00fcr diese Exkursion haben wir uns einige der MustSees gew\u00e4hlt und in das Programm eingebaut, wie hier skizziert:<\/p>\n<ul>\n<li><strong>1. Tag<\/strong> \u2013 Sehenswertes in der inneren Stadt (Pantheon, Trevi-Brunnen)<\/li>\n<li><strong>2. Tag<\/strong> \u2013 Vatikan (Museen, Sixtinische Kapelle)<\/li>\n<li><strong>3. Tag<\/strong> \u2013 Papstaudienz und Besichtigung im Petersdom<\/li>\n<li><strong>4. Tag<\/strong> \u2013 Antike Rom Tour (Kolosseum, Forum Romanum)<\/li>\n<li><strong>5. Tag<\/strong> \u2013 Piazza del Popolo, Spanische Treppe, Kapuzinergruft<\/li>\n<li><strong>6. Tag<\/strong> \u2013 Eine drei Kirchen-Tour durch drei der sehenswertesten Kirchen Roms<\/li>\n<li><strong>7<\/strong>.<strong> Tag<\/strong> \u2013 Abreisetag<\/li>\n<\/ul>\n<p><strong>Kooperationen<\/strong><\/p>\n<p>Im Rahmen der Exkursion wollen wir ins Gespr\u00e4ch mit regionalen Organisationen kommen, wie <a href=\"https:\/\/www.portale.fuci.net\/\" target=\"_blank\" rel=\"noopener\">Fuci (F\u00f6deration katholischer Universit\u00e4tsstudierender Italien)<\/a>, <a href=\"https:\/\/www.santegidio.org\/\" target=\"_blank\" rel=\"noopener\">Gemeinschaft Sant\u2019Egidio<\/a> und anderen.<\/p>\n<p><em>\u00c4nderungen im Programmablauf sind im Zuge der Terminplanung mit den Partner-Organisationen vorbehalten.<\/em><\/p>\n<p><strong>Weitere Details<\/strong>: <a href=\"https:\/\/www.khjoe.at\/khjoe\/index.php\/2022\/02\/17\/septex-nach-rom-12-18-9-2022\/\" target=\"_blank\" rel=\"noopener\">SeptEx nach Rom (12.-18.9.2022) \u2013 Katholische Hochschuljugend \u00d6sterreich (khjoe.at)<\/a><strong><br \/>\nPDF: <\/strong><a href=\"http:\/\/www.khjoe.at\/khjoe\/wp-content\/uploads\/2022\/03\/SeptEx_2022_Details.pdf\" target=\"_blank\" rel=\"noopener\">SeptEx_2022_Details<\/a><\/p>\n<p><strong>Anmeldung bis<\/strong>\u00a0<strong>19.6.2022<\/strong><\/p>\n","protected":false},"excerpt":{"rendered":"<p>SeptEx &#8211; Die SiebenTage Exkursion im September Die Exkursion soll auf einer [&hellip;]<\/p>\n","protected":false},"author":5,"featured_media":455,"comment_status":"closed","ping_status":"closed","template":"","meta":[],"tags":[],"tribe_events_cat":[],"_links":{"self":[{"href":"https:\/\/www.khjoe.at\/khjoe\/index.php\/wp-json\/wp\/v2\/tribe_events\/379"}],"collection":[{"href":"https:\/\/www.khjoe.at\/khjoe\/index.php\/wp-json\/wp\/v2\/tribe_events"}],"about":[{"href":"https:\/\/www.khjoe.at\/khjoe\/index.php\/wp-json\/wp\/v2\/types\/tribe_events"}],"author":[{"embeddable":true,"href":"https:\/\/www.khjoe.at\/khjoe\/index.php\/wp-json\/wp\/v2\/users\/5"}],"replies":[{"embeddable":true,"href":"https:\/\/www.khjoe.at\/khjoe\/index.php\/wp-json\/wp\/v2\/comments?post=379"}],"version-history":[{"count":8,"href":"https:\/\/www.khjoe.at\/khjoe\/index.php\/wp-json\/wp\/v2\/tribe_events\/379\/revisions"}],"predecessor-version":[{"id":454,"href":"https:\/\/www.khjoe.at\/khjoe\/index.php\/wp-json\/wp\/v2\/tribe_events\/379\/revisions\/454"}],"wp:featuredmedia":[{"embeddable":true,"href":"https:\/\/www.khjoe.at\/khjoe\/index.php\/wp-json\/wp\/v2\/media\/455"}],"wp:attachment":[{"href":"https:\/\/www.khjoe.at\/khjoe\/index.php\/wp-json\/wp\/v2\/media?parent=379"}],"wp:term":[{"taxonomy":"post_tag","embeddable":true,"href":"https:\/\/www.khjoe.at\/khjoe\/index.php\/wp-json\/wp\/v2\/tags?post=379"},{"taxonomy":"tribe_events_cat","embeddable":true,"href":"https:\/\/www.khjoe.at\/khjoe\/index.php\/wp-json\/wp\/v2\/tribe_events_cat?post=379"}],"curies":[{"name":"wp","href":"https:\/\/api.w.org\/{rel}","templated":true}]}}

<p><strong>SeptEx &#8211; Die SiebenTage Exkursion im September</strong></p>
<p>Die Exkursion soll auf einer Dreifaltigkeit von Reisegemeinschaft, kulturellen Besichtigungen und Austausch mit regionalen, religiösen Organisationen aufbauen.</p>
<p><strong>Gemeinschaft</strong></p>
<p>Wer mitfahren möchte, kann sich darauf einstellen, dass viel gemeinsam gegessen, getratscht, gemeinsam erkundet, gebetet und vielleicht auch gesungen wird. Darüber hinaus fänden wir es prima, wenn Mitreisende selbst einen spirituellen Impuls oder Ähnliches vorbereiten. Das soll aber kein Zwang sein, nur allen die Möglichkeit geben einen Teil zur Gemeinschaft beizutragen.</p>
<p><strong>Besichtigung</strong></p>
<p>In Rom gibt es viel zu sehen. Für diese Exkursion haben wir uns einige der MustSees gewählt und in das Programm eingebaut, wie hier skizziert:</p>
<ul>
<li><strong>1. Tag</strong> – Sehenswertes in der inneren Stadt (Pantheon, Trevi-Brunnen)</li>
<li><strong>2. Tag</strong> – Vatikan (Museen, Sixtinische Kapelle)</li>
<li><strong>3. Tag</strong> – Papstaudienz und Besichtigung im Petersdom</li>
<li><strong>4. Tag</strong> – Antike Rom Tour (Kolosseum, Forum Romanum)</li>
<li><strong>5. Tag</strong> – Piazza del Popolo, Spanische Treppe, Kapuzinergruft</li>
<li><strong>6. Tag</strong> – Eine drei Kirchen-Tour durch drei der sehenswertesten Kirchen Roms</li>
<li><strong>7</strong>.<strong> Tag</strong> – Abreisetag</li>
</ul>
<p><strong>Kooperationen</strong></p>
<p>Im Rahmen der Exkursion wollen wir ins Gespräch mit regionalen Organisationen kommen, wie <a href="https://www.portale.fuci.net/" target="_blank" rel="noopener">Fuci (Föderation katholischer Universitätsstudierender Italien)</a>, <a href="https://www.santegidio.org/" target="_blank" rel="noopener">Gemeinschaft Sant’Egidio</a> und anderen.</p>
<p><em>Änderungen im Programmablauf sind im Zuge der Terminplanung mit den Partner-Organisationen vorbehalten.</em></p>
<p><strong>Weitere Details</strong>: <a href="https://www.khjoe.at/khjoe/index.php/2022/02/17/septex-nach-rom-12-18-9-2022/" target="_blank" rel="noopener">SeptEx nach Rom (12.-18.9.2022) – Katholische Hochschuljugend Österreich (khjoe.at)</a><strong><br />
PDF: </strong><a href="http://www.khjoe.at/khjoe/wp-content/uploads/2022/03/SeptEx_2022_Details.pdf" target="_blank" rel="noopener">SeptEx_2022_Details</a></p>
<p><strong>Anmeldung bis</strong> <strong>19.6.2022</strong></p>
